is divided by 851?
1
What is the remainder when 1252 is divided by 44?
20
What is the remainder when 719 is divided by 119?
5
What is the remainder when 144 is divided by 81?
63
Calculate the remainder when 746 is divided by 109.
92
Calculate the remainder when 1689 is divided by 7.
2
What is the remainder when 360 is divided by 13?
9
What is the remainder when 932 is divided by 399?
134
What is the remainder when 165 is divided by 50?
15
Calculate the remainder when 328 is divided by 84.
76
Calculate the remainder when 3376 is divided by 1124.
4
Calculate the remainder when 219 is divided by 56.
51
Calculate the remainder when 111 is divided by 28.
27
Calculate the remainder when 1414 is divided by 20.
14
Calculate the remainder when 415 is divided by 52.
51
Calculate the remainder when 7945 is divided by 29.
28
What is the remainder when 1161 is divided by 575?
11
What is the remainder when 534 is divided by 512?
22
Calculate the remainder when 607 is divided by 68.
63
Calculate the remainder when 2937 is divided by 6.
3
What is the remainder when 82 is divided by 25?
7
Calculate the remainder when 27 is divided by 3.
0
What is the remainder when 119 is divided by 30?
29
What is the remainder when 195 is divided by 10?
5
Calculate the remainder when 77 is divided by 9.
5
What is the remainder when 198 is divided by 41?
34
What is the remainder when 113 is divided by 53?
7
What is the remainder when 490 is divided by 84?
70
What is the remainder when 78 is divided by 35?
8
Calculate the remainder when 332 is divided by 24.
20
What is the remainder when 3049 is divided by 8?
1
Calculate the remainder when 159 is divided by 8.
7
What is the remainder when 381 is divided by 16?
13
What is the remainder when 5425 is divided by 23?
20
Calculate the remainder when 16105 is divided by 179.
174
Calculate the remainder when 279 is divided by 126.
27
What is the remainder when 610 is divided by 20?
10
What is the remainder when 85 is divided by 29?
27
What is the remainder when 41 is divided by 27?
14
Calculate the remainder when 463 is divided by 29.
28
Calculate the remainder when 1362 is divided by 62.
60
Calculate the remainder when 79 is divided by 20.
19
What is the remainder when 2530 is divided by 14?
10
Calculate the remainder when 177 is divided by 12.
9
Calculate the remainder when 538 is divided by 27.
25
Calculate the remainder when 300 is divided by 41.
13
What is the remainder when 869 is divided by 29?
28
What is the remainder when 79 is divided by 35?
9
Calculate the remainder when 157 is divided by 20.
17
Calculate the remainder when 147 is divided by 16.
3
Calculate the remainder when 2602 is divided by 31.
29
Calculate the remainder when 1595 is divided by 58.
29
Calculate the remainder when 203 is divided by 78.
47
Calculate the remainder when 447 is divided by 10.
7
What is the remainder when 253 is divided by 32?
29
What is the remainder when 20 is divided by 5?
0
Calculate the remainder when 510 is divided by 3.
0
Calculate the remainder when 349 is divided by 75.
49
What is the remainder when 109017 is divided by 20?
17
Calculate the remainder when 124 is divided by 15.
4
Calculate the remainder when 5499 is divided by 10.
9
What is the remainder when 119 is divided by 6?
5
What is the remainder when 382 is divided by 7?
4
What is the remainder when 322 is divided by 65?
62
What is the remainder when 439 is divided by 231?
208
What is the remainder when 1059 is divided by 53?
52
Calculate the remainder when 55 is divided by 22.
11
What is the remainder when 414 is divided by 32?
30
Calculate the remainder when 4004 is divided by 15.
14
Calculate the remainder when 77 is divided by 21.
14
What is the remainder when 2689 is divided by 149?
7
What is the remainder when 746 is divided by 118?
38
What is the remainder when 246 is divided by 20?
6
What is the remainder when 441 is divided by 151?
139
Calculate the remainder when 247 is divided by 42.
37
Calculate the remainder when 1072 is divided by 25.
22
Calculate the remainder when 589 is divided by 74.
71
Calculate the remainder when 306 is divided by 31.
27
Calculate the remainder when 1687 is divided by 24.
7
What is the remainder when 98 is divided by 57?
41
Calculate the remainder when 290 is divided by 50.
40
What is the remainder when 93 is divided by 4?
1
What is the remainder when 225 is divided by 38?
35
Calculate the remainder when 253 is divided by 29.
21
Calculate the remainder when 119 is divided by 9.
2
Calculate the remainder when 241 is divided by 124.
117
What is the remainder when 116 is divided by 14?
4
Calculate the remainder when 285 is divided by 88.
21
What is the remainder when 85 is divided by 9?
4
What is the remainder when 279 is divided by 30?
9
Calculate the remainder when 254 is divided by 27.
11
Calculate the remainder when 298 is divided by 157.
141
Calculate the remainder when 4217 is divided by 57.
56
Calculate the remainder when 173 is divided by 7.
5
What is the remainder when 383 is divided by 55?
53
Calculate the remainder when 116 is divided by 23.
1
Calculate the remainder when 209 is divided by 72.
65
What is the remainder when 55 is divided by 19?
17
Calculate the remainder when 109 is divided by 29.
22
What is the remainder when 1189 is divided by 11?
1
What is the remainder when 2383 is divided by 77?
73
What is the remainder when 73 is divided by 8?
1
Calculate the remainder when 999 is divided by 150.
99
Calculate the remainder when 2880 is divided by 288.
0
Calculate the remainder when 58 is divided by 43.
15
Calculate the remainder when 3903 is divided by 42.
39
Calculate the remainder when 335 is divided by 24.
23
Calculate the remainder when 1549 is divided by 8.
5
What is the remainder when 301 is divided by 61?
57
What is the remainder when 1323 is divided by 267?
255
What is the remainder when 96 is divided by 34?
28
Calculate the remainder when 636 is divided by 92.
84
What is the remainder when 269 is divided by 17?
14
What is the remainder when 289 is divided by 204?
85
Calculate the remainder when 269 is divided by 69.
62
Calculate the remainder when 9149 is divided by 305.
304
What is the remainder when 177 is divided by 64?
49
Calculate the remainder when 1229 is divided by 137.
133
Calculate the remainder when 564 is divided by 282.
0
What is the remainder when 21292 is divided by 242?
238
What is the remainder when 215 is divided by 80?
55
What is the remainder when 138 is divided by 42?
12
Calculate the remainder when 989 is divided by 8.
5
What is the remainder when 36 is divided by 28?
8
What is the remainder when 1079 is divided by 519?
41
Calculate the remainder when 318 is divided by 57.
33
What is the remainder when 322 is divided by 13?
10
What is the remainder when 181 is divided by 64?
53
What is the remainder when 137 is divided by 11?
5
What is the remainder when 1292 is divided by 644?
4
Calculate the remainder when 9435 is divided by 429.
426
What is the remainder when 97 is divided by 17?
12
What is the remainder when 435 is divided by 200?
35
Calculate the remainder when 479 is divided by 48.
47
Calculate the remainder when 863 is divided by 108.
107
Calculate the remainder when 325 is divided by 33.
28
Calculate the remainder when 568 is divided by 270.
28
What is the remainder when 461 is divided by 220?
21
Calculate the remainder when 2121 is divided by 11.
9
What is the remainder when 388 is divided by 45?
28
Calculate the remainder when 344 is divided by 171.
2
Calculate the remainder when 99 is divided by 39.
21
What is the remainder when 35 is divided by 11?
2
What is the remainder when 922 is divided by 16?
10
What is the remainder when 55 is divided by 30?
25
Calculate the remainder when 529 is divided by 19.
16
Calculate the remainder when 441 is divided by 13.
12
Calculate the remainder when 1176 is divided by 75.
51
Calculate the remainder when 989 is divided by 22.
21
Calculate the remainder when 202 is divided by 46.
18
Calculate the remainder when 2139 is divided by 152.
11
What is the remainder when 1238 is divided by 85?
48
What is the remainder when 1302 is divided by 24?
6
What is the remainder when 43903 is divided by 112?
111
What is the remainder when 112 is divided by 38?
36
